{"id":1375,"date":"2024-01-21T14:37:20","date_gmt":"2024-01-21T19:37:20","guid":{"rendered":"https:\/\/temp4.turnbull.co\/?page_id=1375"},"modified":"2024-01-22T14:40:53","modified_gmt":"2024-01-22T19:40:53","slug":"communiquez-avec-nous","status":"publish","type":"page","link":"https:\/\/janefinchcommunitylegalservices.ca\/fr\/communiquez-avec-nous\/","title":{"rendered":"Communiquez avec nous"},"content":{"rendered":"\n<h4>HEURES DE TRAVAIL<\/h4>\n<ul>\n<li>Lundi 9h00 \u00e0 19h00<\/li>\n<li>Mardi 13h00 \u00e0 17h00<\/li>\n<li>Mercredi 9h00 \u00e0 19h00<\/li>\n<li>Jeudi 13h00 \u00e01 7h00<\/li>\n<li>Vendredi 9h00 \u00e0 17h00<\/li>\n<li>Samedi et Dimanche ferm\u00e9<\/li>\n<li>Ferm\u00e9 le Jour de l\u2019An, Jour de la famille, Le Vendredi saint, Lundi de P\u00e2ques, F\u00eate de la Reine, La f\u00eate du Canada, Jour f\u00e9ri\u00e9, F\u00eate du travail, Jour du Souvenir, No\u00ebl, Lendemain de No\u00ebl<\/li>\n<\/ul>\n<h4>Acc\u00e8s par TTC<\/h4>\n<p>36 Finch \u00e0 rue Keele<br \/>41 Keele \u00e0 avenue Finch ouest<br \/>Ligne 1 \u00e0 Gare de Finch Ouest<\/p>\n<p>Veuillez noter qu&rsquo;il y a un parking payant \u00e0 l&rsquo;arri\u00e8re du b\u00e2timent (entr\u00e9e par Tanger Rd.). Nous fournissons un bon pour 2 heures de stationnement payant. Vous devrez payer le tarif suppl\u00e9mentaire si vous restez plus de 2 heures. Veuillez noter que le bon s&rsquo;applique par voiture et par visite. N&rsquo;oubliez pas de demander un bon de stationnement \u00e0 la r\u00e9ception si vous vous rendez au bureau en voiture.<\/p>\n","protected":false},"excerpt":{"rendered":"<p>HEURES DE TRAVAIL<\/p>\n<p>Lundi 9h00 \u00e0 19h00<br \/>\nMardi 13h00 \u00e0 17h00<br \/>\nMercredi 9h00 \u00e0 19h00<br \/>\nJeudi 13h00 \u00e01 7h00<br \/>\nVendredi 9h00 \u00e0 17h00<br \/>\nSamedi et Dimanche ferm\u00e9<br \/>\nFerm\u00e9 le Jour de l\u2019An, Jour de la famille, Le Vendredi saint, Lundi de P\u00e2ques, F\u00eate de la Reine, La f\u00eate du Canada, Jour f\u00e9ri\u00e9,<\/p>\n","protected":false},"author":2,"featured_media":0,"parent":0,"menu_order":-4,"comment_status":"closed","ping_status":"closed","template":"template-contact.php","meta":{"footnotes":""},"class_list":["post-1375","page","type-page","status-publish","hentry"],"yoast_head":"<!-- This site is optimized with the Yoast SEO plugin v22.0 - https:\/\/yoast.com\/wordpress\/plugins\/seo\/ -->\n<title>Communiquez avec nous - Jane Finch Community Legal Services<\/title>\n<meta name=\"robots\" content=\"index, follow, max-snippet:-1, max-image-preview:large, max-video-preview:-1\" \/>\n<link rel=\"canonical\" href=\"https:\/\/janefinchcommunitylegalservices.ca\/fr\/communiquez-avec-nous\/\" \/>\n<meta property=\"og:locale\" content=\"fr_FR\" \/>\n<meta property=\"og:type\" content=\"article\" \/>\n<meta property=\"og:title\" content=\"Communiquez avec nous - Jane Finch Community Legal Services\" \/>\n<meta property=\"og:description\" content=\"HEURES DE TRAVAIL Lundi 9h00 \u00e0 19h00 Mardi 13h00 \u00e0 17h00 Mercredi 9h00 \u00e0 19h00 Jeudi 13h00 \u00e01 7h00 Vendredi 9h00 \u00e0 17h00 Samedi et Dimanche ferm\u00e9 Ferm\u00e9 le Jour de l\u2019An, Jour de la famille, Le Vendredi saint, Lundi de P\u00e2ques, F\u00eate de la Reine, La f\u00eate du Canada, Jour f\u00e9ri\u00e9,\" \/>\n<meta property=\"og:url\" content=\"https:\/\/janefinchcommunitylegalservices.ca\/fr\/communiquez-avec-nous\/\" \/>\n<meta property=\"og:site_name\" content=\"Jane Finch Community Legal Services\" \/>\n<meta property=\"article:modified_time\" content=\"2024-01-22T19:40:53+00:00\" \/>\n<meta name=\"twitter:card\" content=\"summary_large_image\" \/>\n<meta name=\"twitter:label1\" content=\"Est. reading time\" \/>\n\t<meta name=\"twitter:data1\" content=\"1 minute\" \/>\n<script type=\"application\/ld+json\" class=\"yoast-schema-graph\">{\"@context\":\"https:\/\/schema.org\",\"@graph\":[{\"@type\":\"WebPage\",\"@id\":\"https:\/\/janefinchcommunitylegalservices.ca\/fr\/communiquez-avec-nous\/\",\"url\":\"https:\/\/janefinchcommunitylegalservices.ca\/fr\/communiquez-avec-nous\/\",\"name\":\"Communiquez avec nous - Jane Finch Community Legal Services\",\"isPartOf\":{\"@id\":\"https:\/\/janefinchcommunitylegalservices.ca\/#website\"},\"datePublished\":\"2024-01-21T19:37:20+00:00\",\"dateModified\":\"2024-01-22T19:40:53+00:00\",\"breadcrumb\":{\"@id\":\"https:\/\/janefinchcommunitylegalservices.ca\/fr\/communiquez-avec-nous\/#breadcrumb\"},\"inLanguage\":\"fr-FR\",\"potentialAction\":[{\"@type\":\"ReadAction\",\"target\":[\"https:\/\/janefinchcommunitylegalservices.ca\/fr\/communiquez-avec-nous\/\"]}]},{\"@type\":\"BreadcrumbList\",\"@id\":\"https:\/\/janefinchcommunitylegalservices.ca\/fr\/communiquez-avec-nous\/#breadcrumb\",\"itemListElement\":[{\"@type\":\"ListItem\",\"position\":1,\"name\":\"Home\",\"item\":\"https:\/\/janefinchcommunitylegalservices.ca\/fr\/\"},{\"@type\":\"ListItem\",\"position\":2,\"name\":\"Communiquez avec nous\"}]},{\"@type\":\"WebSite\",\"@id\":\"https:\/\/janefinchcommunitylegalservices.ca\/#website\",\"url\":\"https:\/\/janefinchcommunitylegalservices.ca\/\",\"name\":\"Jane Finch Community Legal Services\",\"description\":\"\",\"potentialAction\":[{\"@type\":\"SearchAction\",\"target\":{\"@type\":\"EntryPoint\",\"urlTemplate\":\"https:\/\/janefinchcommunitylegalservices.ca\/?s={search_term_string}\"},\"query-input\":\"required name=search_term_string\"}],\"inLanguage\":\"fr-FR\"}]}<\/script>\n<!-- \/ Yoast SEO plugin. -->","yoast_head_json":{"title":"Communiquez avec nous - Jane Finch Community Legal Services","robots":{"index":"index","follow":"follow","max-snippet":"max-snippet:-1","max-image-preview":"max-image-preview:large","max-video-preview":"max-video-preview:-1"},"canonical":"https:\/\/janefinchcommunitylegalservices.ca\/fr\/communiquez-avec-nous\/","og_locale":"fr_FR","og_type":"article","og_title":"Communiquez avec nous - Jane Finch Community Legal Services","og_description":"HEURES DE TRAVAIL Lundi 9h00 \u00e0 19h00 Mardi 13h00 \u00e0 17h00 Mercredi 9h00 \u00e0 19h00 Jeudi 13h00 \u00e01 7h00 Vendredi 9h00 \u00e0 17h00 Samedi et Dimanche ferm\u00e9 Ferm\u00e9 le Jour de l\u2019An, Jour de la famille, Le Vendredi saint, Lundi de P\u00e2ques, F\u00eate de la Reine, La f\u00eate du Canada, Jour f\u00e9ri\u00e9,","og_url":"https:\/\/janefinchcommunitylegalservices.ca\/fr\/communiquez-avec-nous\/","og_site_name":"Jane Finch Community Legal Services","article_modified_time":"2024-01-22T19:40:53+00:00","twitter_card":"summary_large_image","twitter_misc":{"Est. reading time":"1 minute"},"schema":{"@context":"https:\/\/schema.org","@graph":[{"@type":"WebPage","@id":"https:\/\/janefinchcommunitylegalservices.ca\/fr\/communiquez-avec-nous\/","url":"https:\/\/janefinchcommunitylegalservices.ca\/fr\/communiquez-avec-nous\/","name":"Communiquez avec nous - Jane Finch Community Legal Services","isPartOf":{"@id":"https:\/\/janefinchcommunitylegalservices.ca\/#website"},"datePublished":"2024-01-21T19:37:20+00:00","dateModified":"2024-01-22T19:40:53+00:00","breadcrumb":{"@id":"https:\/\/janefinchcommunitylegalservices.ca\/fr\/communiquez-avec-nous\/#breadcrumb"},"inLanguage":"fr-FR","potentialAction":[{"@type":"ReadAction","target":["https:\/\/janefinchcommunitylegalservices.ca\/fr\/communiquez-avec-nous\/"]}]},{"@type":"BreadcrumbList","@id":"https:\/\/janefinchcommunitylegalservices.ca\/fr\/communiquez-avec-nous\/#breadcrumb","itemListElement":[{"@type":"ListItem","position":1,"name":"Home","item":"https:\/\/janefinchcommunitylegalservices.ca\/fr\/"},{"@type":"ListItem","position":2,"name":"Communiquez avec nous"}]},{"@type":"WebSite","@id":"https:\/\/janefinchcommunitylegalservices.ca\/#website","url":"https:\/\/janefinchcommunitylegalservices.ca\/","name":"Jane Finch Community Legal Services","description":"","potentialAction":[{"@type":"SearchAction","target":{"@type":"EntryPoint","urlTemplate":"https:\/\/janefinchcommunitylegalservices.ca\/?s={search_term_string}"},"query-input":"required name=search_term_string"}],"inLanguage":"fr-FR"}]}},"_links":{"self":[{"href":"https:\/\/janefinchcommunitylegalservices.ca\/fr\/wp-json\/wp\/v2\/pages\/1375","targetHints":{"allow":["GET"]}}],"collection":[{"href":"https:\/\/janefinchcommunitylegalservices.ca\/fr\/wp-json\/wp\/v2\/pages"}],"about":[{"href":"https:\/\/janefinchcommunitylegalservices.ca\/fr\/wp-json\/wp\/v2\/types\/page"}],"author":[{"embeddable":true,"href":"https:\/\/janefinchcommunitylegalservices.ca\/fr\/wp-json\/wp\/v2\/users\/2"}],"replies":[{"embeddable":true,"href":"https:\/\/janefinchcommunitylegalservices.ca\/fr\/wp-json\/wp\/v2\/comments?post=1375"}],"version-history":[{"count":4,"href":"https:\/\/janefinchcommunitylegalservices.ca\/fr\/wp-json\/wp\/v2\/pages\/1375\/revisions"}],"predecessor-version":[{"id":1391,"href":"https:\/\/janefinchcommunitylegalservices.ca\/fr\/wp-json\/wp\/v2\/pages\/1375\/revisions\/1391"}],"wp:attachment":[{"href":"https:\/\/janefinchcommunitylegalservices.ca\/fr\/wp-json\/wp\/v2\/media?parent=1375"}],"curies":[{"name":"wp","href":"https:\/\/api.w.org\/{rel}","templated":true}]}}

<h4>HEURES DE TRAVAIL</h4>
<ul>
<li>Lundi 9h00 à 19h00</li>
<li>Mardi 13h00 à 17h00</li>
<li>Mercredi 9h00 à 19h00</li>
<li>Jeudi 13h00 à1 7h00</li>
<li>Vendredi 9h00 à 17h00</li>
<li>Samedi et Dimanche fermé</li>
<li>Fermé le Jour de l’An, Jour de la famille, Le Vendredi saint, Lundi de Pâques, Fête de la Reine, La fête du Canada, Jour férié, Fête du travail, Jour du Souvenir, Noël, Lendemain de Noël</li>
</ul>
<h4>Accès par TTC</h4>
<p>36 Finch à rue Keele<br />41 Keele à avenue Finch ouest<br />Ligne 1 à Gare de Finch Ouest</p>
<p>Veuillez noter qu&rsquo;il y a un parking payant à l&rsquo;arrière du bâtiment (entrée par Tanger Rd.). Nous fournissons un bon pour 2 heures de stationnement payant. Vous devrez payer le tarif supplémentaire si vous restez plus de 2 heures. Veuillez noter que le bon s&rsquo;applique par voiture et par visite. N&rsquo;oubliez pas de demander un bon de stationnement à la réception si vous vous rendez au bureau en voiture.</p>

<p>HEURES DE TRAVAIL</p>
<p>Lundi 9h00 à 19h00<br />
Mardi 13h00 à 17h00<br />
Mercredi 9h00 à 19h00<br />
Jeudi 13h00 à1 7h00<br />
Vendredi 9h00 à 17h00<br />
Samedi et Dimanche fermé<br />
Fermé le Jour de l’An, Jour de la famille, Le Vendredi saint, Lundi de Pâques, Fête de la Reine, La fête du Canada, Jour férié,</p>

<!-- This site is optimized with the Yoast SEO plugin v22.0 - https://yoast.com/wordpress/plugins/seo/ -->
<title>Communiquez avec nous - Jane Finch Community Legal Services</title>
<meta name="robots" content="index, follow, max-snippet:-1, max-image-preview:large, max-video-preview:-1" />
<link rel="canonical" href="https://janefinchcommunitylegalservices.ca/fr/communiquez-avec-nous/" />
<meta property="og:locale" content="fr_FR" />
<meta property="og:type" content="article" />
<meta property="og:title" content="Communiquez avec nous - Jane Finch Community Legal Services" />
<meta property="og:description" content="HEURES DE TRAVAIL Lundi 9h00 à 19h00 Mardi 13h00 à 17h00 Mercredi 9h00 à 19h00 Jeudi 13h00 à1 7h00 Vendredi 9h00 à 17h00 Samedi et Dimanche fermé Fermé le Jour de l’An, Jour de la famille, Le Vendredi saint, Lundi de Pâques, Fête de la Reine, La fête du Canada, Jour férié," />
<meta property="og:url" content="https://janefinchcommunitylegalservices.ca/fr/communiquez-avec-nous/" />
<meta property="og:site_name" content="Jane Finch Community Legal Services" />
<meta property="article:modified_time" content="2024-01-22T19:40:53+00:00" />
<meta name="twitter:card" content="summary_large_image" />
<meta name="twitter:label1" content="Est. reading time" />
	<meta name="twitter:data1" content="1 minute" />
<script type="application/ld+json" class="yoast-schema-graph">{"@context":"https://schema.org","@graph":[{"@type":"WebPage","@id":"https://janefinchcommunitylegalservices.ca/fr/communiquez-avec-nous/","url":"https://janefinchcommunitylegalservices.ca/fr/communiquez-avec-nous/","name":"Communiquez avec nous - Jane Finch Community Legal Services","isPartOf":{"@id":"https://janefinchcommunitylegalservices.ca/#website"},"datePublished":"2024-01-21T19:37:20+00:00","dateModified":"2024-01-22T19:40:53+00:00","breadcrumb":{"@id":"https://janefinchcommunitylegalservices.ca/fr/communiquez-avec-nous/#breadcrumb"},"inLanguage":"fr-FR","potentialAction":[{"@type":"ReadAction","target":["https://janefinchcommunitylegalservices.ca/fr/communiquez-avec-nous/"]}]},{"@type":"BreadcrumbList","@id":"https://janefinchcommunitylegalservices.ca/fr/communiquez-avec-nous/#breadcrumb","itemListElement":[{"@type":"ListItem","position":1,"name":"Home","item":"https://janefinchcommunitylegalservices.ca/fr/"},{"@type":"ListItem","position":2,"name":"Communiquez avec nous"}]},{"@type":"WebSite","@id":"https://janefinchcommunitylegalservices.ca/#website","url":"https://janefinchcommunitylegalservices.ca/","name":"Jane Finch Community Legal Services","description":"","potentialAction":[{"@type":"SearchAction","target":{"@type":"EntryPoint","urlTemplate":"https://janefinchcommunitylegalservices.ca/?s={search_term_string}"},"query-input":"required name=search_term_string"}],"inLanguage":"fr-FR"}]}</script>
<!-- / Yoast SEO plugin. -->

HEURES DE TRAVAIL Lundi 9h00 à 19h00 Mardi 13h00 à 17h00 Mercredi 9h00 à 19h00 Jeudi 13h00 à1 7h00 Vendredi 9h00 à 17h00 Samedi et Dimanche fermé Fermé le Jour de l’An, Jour de la famille, Le Vendredi saint, Lundi de Pâques, Fête de la Reine, La fête du Canada, Jour férié,
